(z). Suppose -3*u + o + 28 = 0. What is the units digit of u?
0
Let o(s) = s**3 - 10*s**2 + 4*s - 13. Let w be o(11). Suppose 4*v = k + 119, 0*v - w = -5*v - 2*k. What is the tens digit of v?
3
Let t be 2/1 + 15 + -5. Let b(r) = -4 + 3 - 11*r + 0 + r**2. What is the tens digit of b(t)?
1
Let n(y) = -52*y - 45. What is the tens digit of n(-8)?
7
Let y be (-12)/(-36) - 14/(-3). Suppose y*p - 8*p + 63 = 0. Suppose -4*v - p = -97. What is the units digit of v?
9
Let s = -112 + 241. What is the hundreds digit of s?
1
Suppose -a + 1379 = -7*q + 10*q, 0 = -4*q + 5*a + 1826. What is the tens digit of q?
5
Let m be (-2)/12 + (-275)/(-30). What is the units digit of 0 - 0 - (-43 + m)?
4
Let b = -915 - -1146. What is the tens digit of b?
3
Suppose -474*z + 16280 = -466*z. What is the thousands digit of z?
2
Let z(u) = -u**2 + 2*u + 103. Let q be z(0). Suppose q = s - 52. What is the tens digit of s?
5
Suppose -11*l + 14*l = -3. Let b = 30 + l. What is the units digit of b?
9
Let l(y) = 7*y**3 + 4*y**2 - 7*y + 1. Suppose 0*d - 3 = -d. Let s be l(d). Suppose -11*f + s = -6*f. What is the units digit of f?
1
What is the units digit of 12*(-94)/2*8/(-12)?
6
Suppose -3*j + 4 = -5. Suppose j*f - 3*w - 6 = 0, 3*w = -3*f - 6 - 0. Suppose -5*h + 30 = -f*h. What is the units digit of h?
6
Let k = -36 - -52. Let x = 18 - k. What is the units digit of 51/(6/x) - 0?
7
Let b(l) = 3*l - 5. Let q(z) = -2*z + 5. Let o(r) = -6*b(r) - 5*q(r). What is the hundreds digit of o(-13)?
1
Suppose -873 = -6*r + 3*r. What is the units digit of r?
1
Suppose -4*v + 15 = -1. Suppose 0 = -v*l + 2*y + 55 - 5, 25 = l - 3*y. Suppose -z + l = z. What is the units digit of z?
5
Suppose 22*c - 20*c - 20 = 0. Suppose 5*a + 5*u + 15 + c = 0, 3*u = -a + 1. Let j(o) = -6*o - 1. What is the units digit of j(a)?
7
Let p(r) = 3*r**3 - 4*r**2 - 4*r - 4. Let n be p(4). Suppose 9 - 4 = b. Suppose b*w = n + 12. What is the tens digit of w?
2
Suppose 316 - 141 = 5*c. What is the units digit of c?
5
Suppose 620 - 3053 = -3*b. What is the units digit of b?
1
Let y = 488 - 224. Suppose -5*x + 2*f + 0*f = -666, 2*x = 2*f + y. What is the units digit of x?
4
Let u(a) = 11*a - 3. Let r be u(9). Suppose 0 = -4*n + 240 + r. What is the tens digit of n?
8
What is the tens digit of 8/2 + 97*1?
0
Let y(w) = -w**3 + 2*w**2 + 2*w + 2. Let l be 4 - (-1)/1*-6. What is the tens digit of y(l)?
1
What is the tens digit of (-4)/46 - 29330/(-322)?
9
Suppose 2*c = c + 20. Suppose c = 6*v - 274. What is the tens digit of v?
4
Let k be (8/10)/((-2)/(-35)). Let z = k - -82. What is the units digit of z?
6
Let d(a) = 6*a**2 + 15*a - 28. What is the tens digit of d(9)?
9
Suppose 0 = 9*f - 2128 - 20165. What is the hundreds digit of f?
4
Suppose 22*w - 68629 + 3047 = 0. What is the hundreds digit of w?
9
Let w = -499 + 973. What is the tens digit of w?
7
Suppose 65 - 125 = -5*p. Suppose 3*c - p = 2*c. What is the units digit of c?
2
What is the hundreds digit of (0 - (-464)/(-20))/((-4)/130)?
7
Let m be 34 + -4 - (-5 - -1). Let z = 37 - m. Suppose -223 = -4*q + h, -z*q + 156 = -h - 2*h. What is the units digit of q?
7
Let v = -5 - -9. Suppose -o = 2*m + v, o = 3*m + m + 20. What is the units digit of 94/6 + m/(-12)?
6
Suppose -200 = 6*x - 10*x. Let p = x - 33. What is the tens digit of p?
1
Suppose 0 = b + c - 933, 2*b - 3*c - 3739 = -2*b. What is the hundreds digit of b?
9
Let z(n) = n - 1. Let x(m) = -m + 2. Let s(j) = -5*x(j) - 6*z(j). Let f be s(-6). Suppose -5*l - 10 = 0, -l = -v + f*v - 5. What is the units digit of v?
7
What is the tens digit of 3*((-530)/(-10) + -1)?
5
Let o = -1513 - -2191. What is the hundreds digit of o?
6
Suppose -6*t + 3229 = 1153. What is the units digit of t?
6
Let c(s) = 2*s + 2*s - 4 + 3. Let b = -85 + 89. What is the units digit of c(b)?
5
Suppose -r - 4*z = 15, 3*z + 4 = -11. Let s(i) = 2*i + 11. Let g be s(r). Let f = g - -2. What is the units digit of f?
3
Let z = -1384 + 1510. What is the units digit of z?
6
Let q = 173 + 436. What is the tens digit of q?
0
What is the hundreds digit of (-12)/28 - 2*1286/(-7)?
3
Let n = -11 - -14. Let l = 7 - n. Suppose -80 = -2*z - 2*x, -l*z + 140 = -0*x - x. What is the tens digit of z?
3
Let p(u) = -2*u - 2. Let m(z) = -z**2 + 3*z + 2. Let b be m(4). Let a be p(b). Suppose -a*l - c + 35 = -4*c, -l = -3*c - 22. What is the units digit of l?
3
Suppose -2*g + g + f + 259 = 0, -g + 262 = -4*f. What is the hundreds digit of g?
2
Suppose -m - 5*p = -40, -m + 0*p = -p - 64. Let u = 118 - m. What is the units digit of u?
8
Suppose 0 = -2*h + 5*h - 48. Suppose -h*m = -3*m - 1248. What is the units digit of m?
6
Suppose 0*t - 3 = t, -99 = -3*s - 2*t. Let z = 89 - s. What is the units digit of z?
4
Let m(l) be the first derivative of 11*l**3/3 - 2*l + 15. What is the tens digit of m(3)?
9
Let l(i) = -i**2 + 101*i + 89. What is the tens digit of l(35)?
9
Suppose 5*x + 33*x = 39938. What is the units digit of x?
1
Let r = -242 + 822. What is the hundreds digit of r?
5
What is the tens digit of 19/(-114) + 22130/12?
4
Suppose 2*g - 833 = -81. What is the tens digit of g?
7
Suppose 3*z - 8*z = -3*c + 2545, -5*z + 4255 = 5*c. What is the tens digit of c?
5
Suppose 0 = -3*p - 5*z + 1457 - 338, -p = 5*z - 383. What is the units digit of p?
8
Suppose 4*j + 2*p - 110 = 0, 0*j - j + 2*p = -20. What is the tens digit of j?
2
Let i(b) = 2*b**2 + b + 73. What is the hundreds digit of i(12)?
3
What is the units digit of (-1878)/(-5) - 8/(-20)?
6
Suppose 5*a - 1045 + 219 = -4*f, 3*f = 5*a + 637. What is the tens digit of f?
0
Let u be (-22)/(-2) + 1 - 2. Let c = u + 0. Suppose -2*p + c + 22 = 0. What is the units digit of p?
6
Let r be 94/(-20)*-2 + 6/10. What is the tens digit of r/(-65) + (-1601)/(-13)?
2
Suppose 5*i - 5*r - 2 = 113, 5*r + 46 = 2*i. What is the tens digit of i?
2
Suppose -5*b - 8 = 2*v - 2*b, b + 4 = 0. Suppose -z - 3*k - 59 = -4*k, -4*z + v*k - 226 = 0. Let p = -24 - z. What is the tens digit of p?
3
Let d(k) = 31*k**2 - 11*k + 6. What is the tens digit of d(8)?
0
Let u(k) = 2*k + 4. Suppose 18 = -2*d - d. Let p(h) = -h. Let v be p(d). What is the tens digit of u(v)?
1
Let r = -12 + 20. Let j be 220/14 + r/28. Suppose -u - 7 = -k, 3*u = -u + j. What is the units digit of k?
1
Suppose 0*s = -s + 2. Suppose 0 = s*u - 5*c - 1, 9*c - 4*c = 5. Suppose 0 = u*q - 2*l - 43, 2*l - 28 = -2*q + 4*l. What is the units digit of q?
5
Suppose -8*c + 421 = -163. Suppose -4*x + 3*x + 319 = 4*g, -2*x - c = -g. What is the units digit of g?
9
Suppose 1225 - 8757 = -2*d. What is the hundreds digit of d?
7
Let z(b) = 6*b. Let j be z(1). Let p = j - -72. What is the tens digit of p?
7
Let q(g) = g + 16. Let i be q(7). Let h = 19 - i. What is the tens digit of (h/6)/(2/(-72))?
2
Suppose 0*j = j - 5. Suppose -3*z - 9 = -b - 0*z, -15 = -j*b + 5*z. Suppose 2*q + 2*t - 13 = 21, b = 3*t. What is the units digit of q?
7
Suppose 5*j - 2506 = 1314. What is the units digit of j?
4
Let s(x) = -x**2 + 6*x - 5. Let p be s(5). Suppose 2*n - 2*j - 12 = p, -4*j + 53 = -0*n + 3*n. Suppose -w - n = -38. What is the units digit of w?
7
Suppose -c - 2*o + 14 + 5 = 0, 0 = 5*c + 4*o - 101. Let t(l) = -l + 92. What is the units digit of t(c)?
1
Let b be (8/14)/(3/21). Let c(k) = 21*k + 15. What is the units digit of c(b)?
9
Suppose 7*n = 2*n + 1835. What is the hundreds digit of n?
3
Let y be (162/(-12))/(-9)*-2. Let h(k) be the third derivative of -k**4/8 + k**3/2 - k**2. What is the tens digit of h(y)?
1
Let h(w) = -2*w + 3*w + 30*w**2 - 28*w**2. Suppose 5*z = -2*g - 2, -2*z = -4*g + g + 16. What is the units digit of h(z)?
6
Suppose 0 = -12*u + 11*u + 813. What is the hundreds digit of u?
8
Let x(z) = 31*z - 157. What is the units digit of x(25)?
8
Suppose -75*k - 31464 = -111*k. What is the units digit of k?
4
Let c be 0*(1 + -3)/(-2). Suppose c = -6*y + 528 + 486. What is the tens digit of y?
6
Suppose 0*l = -5*j + 5*l + 9530, 0 = j - 3*l - 1912. Suppose 14*o - 281 = j. What is the tens digit of o?
5
Let y = -96 - -100. Suppose y*u - 2*u = 40. What is the units digit of u?
0
Let n(k) = 37*k**3 + 2*k**2 - 8*k + 5. What is the units digit of n(3)?
8
Let t = 1994 + -362. What is the tens digit of t?
3
Suppose 0*i = -15*i + 4335. What is the tens digit of i?
8
Let n(i) be the second derivative of -i